[INFO] cloning repository https://github.com/Vidrochka/todo-list-rs
[INFO] running `Command { std: "git" "-c" "credential.helper=" "-c" "credential.helper=/workspace/cargo-home/bin/git-credential-null" "clone" "--bare" "https://github.com/Vidrochka/todo-list-rs" "/workspace/cache/git-repos/https%3A%2F%2Fgithub.com%2FVidrochka%2Ftodo-list-rs", kill_on_drop: false }`
[INFO] [stderr] Cloning into bare repository '/workspace/cache/git-repos/https%3A%2F%2Fgithub.com%2FVidrochka%2Ftodo-list-rs'...
[INFO] running `Command { std: "git" "rev-parse" "HEAD", kill_on_drop: false }`
[INFO] [stdout] f2bbf70b1dd97d020591b8dadb80b120ba2b973d
[INFO] checking Vidrochka/todo-list-rs against master#9610dfe5a9a731ced1ea4923ecbd0c57fe367898 for beta-170-4
[INFO] running `Command { std: "git" "clone" "/workspace/cache/git-repos/https%3A%2F%2Fgithub.com%2FVidrochka%2Ftodo-list-rs" "/workspace/builds/worker-5-tc1/source", kill_on_drop: false }`
[INFO] [stderr] Cloning into '/workspace/builds/worker-5-tc1/source'...
[INFO] [stderr] done.
[INFO] validating manifest of git repo https://github.com/Vidrochka/todo-list-rs on toolchain 9610dfe5a9a731ced1ea4923ecbd0c57fe367898
[INFO] running `Command { std: CARGO_HOME="/workspace/cargo-home" RUSTUP_HOME="/workspace/rustup-home" "/workspace/cargo-home/bin/cargo" "+9610dfe5a9a731ced1ea4923ecbd0c57fe367898" "metadata" "--manifest-path" "Cargo.toml" "--no-deps", kill_on_drop: false }`
[INFO] started tweaking git repo https://github.com/Vidrochka/todo-list-rs
[INFO] finished tweaking git repo https://github.com/Vidrochka/todo-list-rs
[INFO] tweaked toml for git repo https://github.com/Vidrochka/todo-list-rs written to /workspace/builds/worker-5-tc1/source/Cargo.toml
[INFO] crate git repo https://github.com/Vidrochka/todo-list-rs already has a lockfile, it will not be regenerated
[INFO] running `Command { std: CARGO_HOME="/workspace/cargo-home" RUSTUP_HOME="/workspace/rustup-home" "/workspace/cargo-home/bin/cargo" "+9610dfe5a9a731ced1ea4923ecbd0c57fe367898" "fetch" "--manifest-path" "Cargo.toml", kill_on_drop: false }`
[INFO] [stderr]     Updating git repository `https://github.com/dtolnay/anyhow.git`
[INFO] [stderr]     Updating crates.io index
[INFO] [stderr]  Downloading crates ...
[INFO] [stderr]   Downloaded dotenvy v0.15.1
[INFO] [stderr]   Downloaded slog-extra v0.1.2
[INFO] [stderr]   Downloaded iana-time-zone v0.1.42
[INFO] [stderr]   Downloaded chrono v0.4.21
[INFO] [stderr]   Downloaded slog-atomic v3.1.0
[INFO] [stderr]   Downloaded slog-stream v1.2.1
[INFO] [stderr]   Downloaded slog v1.7.1
[INFO] running `Command { std: "docker" "create" "-v" "/var/lib/crater-agent-workspace/builds/worker-5-tc1/target:/opt/rustwide/target:rw,Z" "-v" "/var/lib/crater-agent-workspace/builds/worker-5-tc1/source:/opt/rustwide/workdir:ro,Z" "-v" "/var/lib/crater-agent-workspace/cargo-home:/opt/rustwide/cargo-home:ro,Z" "-v" "/var/lib/crater-agent-workspace/rustup-home:/opt/rustwide/rustup-home:ro,Z" "-e" "SOURCE_DIR=/opt/rustwide/workdir" "-e" "CARGO_TARGET_DIR=/opt/rustwide/target" "-e" "CARGO_HOME=/opt/rustwide/cargo-home" "-e" "RUSTUP_HOME=/opt/rustwide/rustup-home" "-w" "/opt/rustwide/workdir" "-m" "1610612736" "--user" "0:0" "--network" "none" "ghcr.io/rust-lang/crates-build-env/linux@sha256:19e73879b68f455e41552ea35293514db52ea292d993f571636dbffedb77a1ee" "/opt/rustwide/cargo-home/bin/cargo" "+9610dfe5a9a731ced1ea4923ecbd0c57fe367898" "metadata" "--no-deps" "--format-version=1", kill_on_drop: false }`
[INFO] [stdout] 1aa7e380971edd19661959a9d5683db839a0c4a3b310cc30dddcab0ba5518ae7
[INFO] running `Command { std: "docker" "start" "-a" "1aa7e380971edd19661959a9d5683db839a0c4a3b310cc30dddcab0ba5518ae7", kill_on_drop: false }`
[INFO] running `Command { std: "docker" "inspect" "1aa7e380971edd19661959a9d5683db839a0c4a3b310cc30dddcab0ba5518ae7", kill_on_drop: false }`
[INFO] running `Command { std: "docker" "rm" "-f" "1aa7e380971edd19661959a9d5683db839a0c4a3b310cc30dddcab0ba5518ae7", kill_on_drop: false }`
[INFO] [stdout] 1aa7e380971edd19661959a9d5683db839a0c4a3b310cc30dddcab0ba5518ae7
[INFO] running `Command { std: "docker" "create" "-v" "/var/lib/crater-agent-workspace/builds/worker-5-tc1/target:/opt/rustwide/target:rw,Z" "-v" "/var/lib/crater-agent-workspace/builds/worker-5-tc1/source:/opt/rustwide/workdir:ro,Z" "-v" "/var/lib/crater-agent-workspace/cargo-home:/opt/rustwide/cargo-home:ro,Z" "-v" "/var/lib/crater-agent-workspace/rustup-home:/opt/rustwide/rustup-home:ro,Z" "-e" "SOURCE_DIR=/opt/rustwide/workdir" "-e" "CARGO_TARGET_DIR=/opt/rustwide/target" "-e" "CARGO_INCREMENTAL=0" "-e" "RUST_BACKTRACE=full" "-e" "RUSTFLAGS=--cap-lints=forbid" "-e" "RUSTDOCFLAGS=--cap-lints=forbid" "-e" "CARGO_HOME=/opt/rustwide/cargo-home" "-e" "RUSTUP_HOME=/opt/rustwide/rustup-home" "-w" "/opt/rustwide/workdir" "-m" "1610612736" "--user" "0:0" "--network" "none" "ghcr.io/rust-lang/crates-build-env/linux@sha256:19e73879b68f455e41552ea35293514db52ea292d993f571636dbffedb77a1ee" "/opt/rustwide/cargo-home/bin/cargo" "+9610dfe5a9a731ced1ea4923ecbd0c57fe367898" "check" "--frozen" "--all" "--all-targets" "--message-format=json", kill_on_drop: false }`
[INFO] [stdout] 04d271403d0118726dcc80386939db9a33b35f2de9aa4312e3cfe6ece5da745e
[INFO] running `Command { std: "docker" "start" "-a" "04d271403d0118726dcc80386939db9a33b35f2de9aa4312e3cfe6ece5da745e", kill_on_drop: false }`
[INFO] [stderr]    Compiling libc v0.2.127
[INFO] [stderr]    Compiling autocfg v1.1.0
[INFO] [stderr]    Compiling proc-macro2 v1.0.43
[INFO] [stderr]    Compiling quote v1.0.21
[INFO] [stderr]    Compiling unicode-ident v1.0.3
[INFO] [stderr]     Checking cfg-if v1.0.0
[INFO] [stderr]    Compiling syn v1.0.99
[INFO] [stderr]    Compiling version_check v0.9.4
[INFO] [stderr]    Compiling memchr v2.5.0
[INFO] [stderr]     Checking once_cell v1.13.0
[INFO] [stderr]    Compiling typenum v1.15.0
[INFO] [stderr]    Compiling futures-core v0.3.21
[INFO] [stderr]    Compiling generic-array v0.14.6
[INFO] [stderr]    Compiling lock_api v0.4.7
[INFO] [stderr]     Checking pin-project-lite v0.2.9
[INFO] [stderr]    Compiling log v0.4.17
[INFO] [stderr]    Compiling pkg-config v0.3.25
[INFO] [stderr]     Checking smallvec v1.9.0
[INFO] [stderr]    Compiling serde_derive v1.0.143
[INFO] [stderr]     Checking scopeguard v1.1.0
[INFO] [stderr]    Compiling serde v1.0.143
[INFO] [stderr]    Compiling jobserver v0.1.24
[INFO] [stderr]    Compiling ahash v0.7.6
[INFO] [stderr]     Checking bytes v1.2.1
[INFO] [stderr]    Compiling cc v1.0.73
[INFO] [stderr]    Compiling parking_lot_core v0.9.3
[INFO] [stderr]     Checking itoa v1.0.3
[INFO] [stderr]    Compiling futures-channel v0.3.21
[INFO] [stderr]    Compiling tokio v1.20.1
[INFO] [stderr]     Checking mio v0.8.4
[INFO] [stderr]     Checking parking_lot v0.12.1
[INFO] [stderr]     Checking num_cpus v1.13.1
[INFO] [stderr]     Checking signal-hook-registry v1.4.0
[INFO] [stderr]     Checking socket2 v0.4.4
[INFO] [stderr]     Checking getrandom v0.2.7
[INFO] [stderr]    Compiling openssl v0.10.41
[INFO] [stderr]     Checking futures-sink v0.3.21
[INFO] [stderr]    Compiling slab v0.4.7
[INFO] [stderr]    Compiling futures-task v0.3.21
[INFO] [stderr]    Compiling native-tls v0.2.10
[INFO] [stderr]     Checking subtle v2.4.1
[INFO] [stderr]    Compiling crossbeam-utils v0.8.11
[INFO] [stderr]    Compiling parking_lot_core v0.8.5
[INFO] [stderr]    Compiling futures-util v0.3.21
[INFO] [stderr]    Compiling openssl-sys v0.9.75
[INFO] [stderr]     Checking block-buffer v0.10.2
[INFO] [stderr]     Checking crypto-common v0.1.6
[INFO] [stderr]    Compiling num-traits v0.2.15
[INFO] [stderr]     Checking digest v0.10.3
[INFO] [stderr]    Compiling serde_json v1.0.83
[INFO] [stderr]     Checking pin-utils v0.1.0
[INFO] [stderr]     Checking futures-io v0.3.21
[INFO] [stderr]     Checking bitflags v1.3.2
[INFO] [stderr]    Compiling paste v1.0.8
[INFO] [stderr]    Compiling tinyvec_macros v0.1.0
[INFO] [stderr]    Compiling foreign-types-shared v0.1.1
[INFO] [stderr]    Compiling slog v2.7.0
[INFO] [stderr]    Compiling foreign-types v0.3.2
[INFO] [stderr]     Checking tinyvec v1.6.0
[INFO] [stderr]     Checking hashbrown v0.12.3
[INFO] [stderr]    Compiling zstd-sys v2.0.1+zstd.1.5.2
[INFO] [stderr]    Compiling indexmap v1.9.1
[INFO] [stderr]     Checking tracing-core v0.1.29
[INFO] [stderr]     Checking cpufeatures v0.2.2
[INFO] [stderr]     Checking num_threads v0.1.6
[INFO] [stderr]     Checking ryu v1.0.11
[INFO] [stderr]    Compiling time-macros v0.2.4
[INFO] [stderr]     Checking matches v0.1.9
[INFO] [stderr]    Compiling crossbeam-queue v0.3.6
[INFO] [stderr]    Compiling unicode-normalization v0.1.21
[INFO] [stderr]     Checking tracing v0.1.36
[INFO] [stderr]     Checking rand_core v0.6.3
[INFO] [stderr]    Compiling num-integer v0.1.45
[INFO] [stderr]    Compiling instant v0.1.12
[INFO] [stderr]    Compiling unicode-bidi v0.3.8
[INFO] [stderr]     Checking ppv-lite86 v0.2.16
[INFO] [stderr]     Checking base64 v0.13.0
[INFO] [stderr]    Compiling openssl-probe v0.1.5
[INFO] [stderr]     Checking rand_chacha v0.3.1
[INFO] [stderr]     Checking form_urlencoded v1.0.1
[INFO] [stderr]    Compiling dirs-sys v0.3.7
[INFO] [stderr]     Checking time v0.3.13
[INFO] [stderr]    Compiling zstd-safe v5.0.2+zstd.1.5.2
[INFO] [stderr]    Compiling percent-encoding v2.1.0
[INFO] [stderr]     Checking local-waker v0.1.3
[INFO] [stderr]    Compiling minimal-lexical v0.2.1
[INFO] [stderr]     Checking alloc-no-stdlib v2.0.3
[INFO] [stderr]     Checking fnv v1.0.7
[INFO] [stderr]    Compiling crc32fast v1.3.2
[INFO] [stderr]    Compiling either v1.7.0
[INFO] [stderr]    Compiling itertools v0.10.3
[INFO] [stderr]    Compiling nom v7.1.1
[INFO] [stderr]     Checking http v0.2.8
[INFO] [stderr]     Checking alloc-stdlib v0.2.1
[INFO] [stderr]    Compiling dirs v4.0.0
[INFO] [stderr]    Compiling parking_lot v0.11.2
[INFO] [stderr]     Checking rand v0.8.5
[INFO] [stderr]    Compiling tokio-macros v1.8.0
[INFO] [stderr]    Compiling openssl-macros v0.1.0
[INFO] [stderr]    Compiling futures-macro v0.3.21
[INFO] [stderr]    Compiling thiserror-impl v1.0.32
[INFO] [stderr]     Checking idna v0.2.3
[INFO] [stderr]    Compiling hmac v0.12.1
[INFO] [stderr]     Checking thiserror v1.0.32
[INFO] [stderr]    Compiling aho-corasick v0.7.18
[INFO] [stderr]    Compiling num-bigint v0.4.3
[INFO] [stderr]    Compiling httparse v1.7.1
[INFO] [stderr]    Compiling crc-catalog v2.1.0
[INFO] [stderr]     Checking adler v1.0.2
[INFO] [stderr]    Compiling unicode_categories v0.1.1
[INFO] [stderr]    Compiling regex-syntax v0.6.27
[INFO] [stderr]    Compiling encoding_rs v0.8.31
[INFO] [stderr]    Compiling tokio-native-tls v0.3.0
[INFO] [stderr]     Checking tokio-util v0.7.3
[INFO] [stderr]    Compiling sqlx-rt v0.6.1
[INFO] [stderr]     Checking actix-rt v2.7.0
[INFO] [stderr]    Compiling sqlformat v0.1.8
[INFO] [stderr]     Checking miniz_oxide v0.5.3
[INFO] [stderr]    Compiling crc v3.0.0
[INFO] [stderr]    Compiling hkdf v0.12.3
[INFO] [stderr]    Compiling url v2.2.2
[INFO] [stderr]    Compiling regex v1.6.0
[INFO] [stderr]    Compiling tokio-stream v0.1.9
[INFO] [stderr]    Compiling atoi v1.0.0
[INFO] [stderr]    Compiling futures-intrusive v0.4.0
[INFO] [stderr]    Compiling dotenvy v0.15.1
[INFO] [stderr]     Checking brotli-decompressor v2.3.2
[INFO] [stderr]    Compiling sha2 v0.10.2
[INFO] [stderr]    Compiling sha-1 v0.10.0
[INFO] [stderr]     Checking actix-utils v3.0.0
[INFO] [stderr]    Compiling hashlink v0.8.0
[INFO] [stderr]    Compiling stringprep v0.1.2
[INFO] [stderr]     Checking actix-service v2.0.2
[INFO] [stderr]    Compiling md-5 v0.10.1
[INFO] [stderr]    Compiling ring v0.16.20
[INFO] [stderr]    Compiling bytestring v1.1.0
[INFO] [stderr]     Checking dirs-sys-next v0.1.2
[INFO] [stderr]    Compiling cookie v0.16.0
[INFO] [stderr]    Compiling convert_case v0.4.0
[INFO] [stderr]    Compiling whoami v1.2.1
[INFO] [stderr]    Compiling hex v0.4.3
[INFO] [stderr]    Compiling byteorder v1.4.3
[INFO] [stderr]    Compiling firestorm v0.5.1
[INFO] [stderr]    Compiling event-listener v2.5.3
[INFO] [stderr]    Compiling uuid v1.1.2
[INFO] [stderr]     Checking arc-swap v1.5.1
[INFO] [stderr]    Compiling unicode-segmentation v1.9.0
[INFO] [stderr]    Compiling actix-router v0.5.0
[INFO] [stderr]    Compiling derive_more v0.99.17
[INFO] [stderr]     Checking dirs-next v2.0.0
[INFO] [stderr]    Compiling heck v0.4.0
[INFO] [stderr]     Checking brotli v3.3.4
[INFO] [stderr]    Compiling sqlx-core v0.6.1
[INFO] [stderr]     Checking flate2 v1.0.24
[INFO] [stderr]     Checking h2 v0.3.13
[INFO] [stderr]     Checking local-channel v0.1.3
[INFO] [stderr]     Checking actix-codec v0.5.0
[INFO] [stderr]     Checking sha1 v0.10.1
[INFO] [stderr]     Checking thread_local v1.1.4
[INFO] [stderr]    Compiling slog-async v2.7.0
[INFO] [stderr]     Checking untrusted v0.7.1
[INFO] [stderr]     Checking spin v0.5.2
[INFO] [stderr]     Checking httpdate v1.0.2
[INFO] [stderr]     Checking slog v1.7.1
[INFO] [stderr]     Checking language-tags v0.3.2
[INFO] [stderr]     Checking mime v0.3.16
[INFO] [stderr]    Compiling anyhow v1.0.60 (https://github.com/dtolnay/anyhow.git#e55761e2)
[INFO] [stderr]     Checking slog-extra v0.1.2
[INFO] [stderr]     Checking simple_asn1 v0.6.2
[INFO] [stderr]    Compiling actix-web-codegen v4.0.1
[INFO] [stderr]     Checking term v0.7.0
[INFO] [stderr]     Checking slog-scope v4.4.0
[INFO] [stderr]     Checking actix-server v2.1.1
[INFO] [stderr]     Checking serde_urlencoded v0.7.1
[INFO] [stderr]     Checking futures-executor v0.3.21
[INFO] [stderr]    Compiling actix-macros v0.2.3
[INFO] [stderr]     Checking crossbeam-channel v0.5.6
[INFO] [stderr]     Checking pem v1.1.0
[INFO] [stderr]     Checking time v0.1.44
[INFO] [stderr]     Checking atty v0.2.14
[INFO] [stderr]     Checking iana-time-zone v0.1.42
[INFO] [stderr]     Checking slog-term v2.9.0
[INFO] [stderr]     Checking chrono v0.4.21
[INFO] [stderr]     Checking jsonwebtoken v8.1.1
[INFO] [stderr]     Checking futures v0.3.21
[INFO] [stderr]     Checking slog-stdlog v4.1.1
[INFO] [stderr]     Checking slog-stream v1.2.1
[INFO] [stderr]     Checking slog-atomic v3.1.0
[INFO] [stderr]     Checking slog-json v2.6.1
[INFO] [stderr]     Checking dotenv v0.15.0
[INFO] [stderr]    Compiling sqlx-macros v0.6.1
[INFO] [stderr]     Checking sqlx v0.6.1
[INFO] [stderr]     Checking zstd v0.11.2+zstd.1.5.2
[INFO] [stderr]     Checking actix-http v3.2.1
[INFO] [stderr]     Checking actix-web v4.1.0
[INFO] [stderr]     Checking todo-list-rs v0.1.0 (/opt/rustwide/workdir)
[INFO] [stdout] error: error communicating with database: Cannot assign requested address (os error 99)
[INFO] [stdout]   --> src/db/user.rs:13:5
[INFO] [stdout]    |
[INFO] [stdout] 13 | /     sqlx::query!(
[INFO] [stdout] 14 | |             "INSERT INTO users
[INFO] [stdout] 15 | |             VALUES ($1, $2, $3)",
[INFO] [stdout] 16 | |             id,
[INFO] [stdout] 17 | |             user.login,
[INFO] [stdout] 18 | |             user.password
[INFO] [stdout] 19 | |         ).execute(db_pool)
[INFO] [stdout]    | |_________^
[INFO] [stdout]    |
[INFO] [stdout]    = note: this error originates in the macro `$crate::sqlx_macros::expand_query` which comes from the expansion of the macro `sqlx::query` (in Nightly builds, run with -Z macro-backtrace for more info)
[INFO] [stdout] 
[INFO] [stdout] 
[INFO] [stdout] error: error communicating with database: Cannot assign requested address (os error 99)
[INFO] [stdout]   --> src/db/user.rs:27:18
[INFO] [stdout]    |
[INFO] [stdout] 27 |       let result = sqlx::query!(
[INFO] [stdout]    |  __________________^
[INFO] [stdout] 28 | |             "SELECT id
[INFO] [stdout] 29 | |             FROM users
[INFO] [stdout] 30 | |             WHERE login = $1 AND password = $2
[INFO] [stdout] ...  |
[INFO] [stdout] 33 | |             password
[INFO] [stdout] 34 | |         )
[INFO] [stdout]    | |_________^
[INFO] [stdout]    |
[INFO] [stdout]    = note: this error originates in the macro `$crate::sqlx_macros::expand_query` which comes from the expansion of the macro `sqlx::query` (in Nightly builds, run with -Z macro-backtrace for more info)
[INFO] [stdout] 
[INFO] [stdout] 
[INFO] [stdout] error: error communicating with database: Cannot assign requested address (os error 99)
[INFO] [stdout]   --> src/db/user.rs:13:5
[INFO] [stdout]    |
[INFO] [stdout] 13 | /     sqlx::query!(
[INFO] [stdout] 14 | |             "INSERT INTO users
[INFO] [stdout] 15 | |             VALUES ($1, $2, $3)",
[INFO] [stdout] 16 | |             id,
[INFO] [stdout] 17 | |             user.login,
[INFO] [stdout] 18 | |             user.password
[INFO] [stdout] 19 | |         ).execute(db_pool)
[INFO] [stdout]    | |_________^
[INFO] [stdout]    |
[INFO] [stdout]    = note: this error originates in the macro `$crate::sqlx_macros::expand_query` which comes from the expansion of the macro `sqlx::query` (in Nightly builds, run with -Z macro-backtrace for more info)
[INFO] [stdout] 
[INFO] [stdout] 
[INFO] [stdout] error: error communicating with database: Cannot assign requested address (os error 99)
[INFO] [stdout]   --> src/db/user.rs:27:18
[INFO] [stdout]    |
[INFO] [stdout] 27 |       let result = sqlx::query!(
[INFO] [stdout]    |  __________________^
[INFO] [stdout] 28 | |             "SELECT id
[INFO] [stdout] 29 | |             FROM users
[INFO] [stdout] 30 | |             WHERE login = $1 AND password = $2
[INFO] [stdout] ...  |
[INFO] [stdout] 33 | |             password
[INFO] [stdout] 34 | |         )
[INFO] [stdout]    | |_________^
[INFO] [stdout]    |
[INFO] [stdout]    = note: this error originates in the macro `$crate::sqlx_macros::expand_query` which comes from the expansion of the macro `sqlx::query` (in Nightly builds, run with -Z macro-backtrace for more info)
[INFO] [stdout] 
[INFO] [stdout] 
[INFO] [stdout] error: error communicating with database: Cannot assign requested address (os error 99)
[INFO] [stdout]   --> src/db/user.rs:43:18
[INFO] [stdout]    |
[INFO] [stdout] 43 |       let result = sqlx::query!(
[INFO] [stdout]    |  __________________^
[INFO] [stdout] 44 | |             "SELECT COUNT (*) as count
[INFO] [stdout] 45 | |             FROM users
[INFO] [stdout] 46 | |             WHERE login = $1 ",
[INFO] [stdout] 47 | |             login
[INFO] [stdout] 48 | |         )
[INFO] [stdout]    | |_________^
[INFO] [stdout]    |
[INFO] [stdout]    = note: this error originates in the macro `$crate::sqlx_macros::expand_query` which comes from the expansion of the macro `sqlx::query` (in Nightly builds, run with -Z macro-backtrace for more info)
[INFO] [stdout] 
[INFO] [stdout] 
[INFO] [stdout] error: error communicating with database: Cannot assign requested address (os error 99)
[INFO] [stdout]   --> src/db/user.rs:43:18
[INFO] [stdout]    |
[INFO] [stdout] 43 |       let result = sqlx::query!(
[INFO] [stdout]    |  __________________^
[INFO] [stdout] 44 | |             "SELECT COUNT (*) as count
[INFO] [stdout] 45 | |             FROM users
[INFO] [stdout] 46 | |             WHERE login = $1 ",
[INFO] [stdout] 47 | |             login
[INFO] [stdout] 48 | |         )
[INFO] [stdout]    | |_________^
[INFO] [stdout]    |
[INFO] [stdout]    = note: this error originates in the macro `$crate::sqlx_macros::expand_query` which comes from the expansion of the macro `sqlx::query` (in Nightly builds, run with -Z macro-backtrace for more info)
[INFO] [stdout] 
[INFO] [stdout] 
[INFO] [stdout] error: error communicating with database: Cannot assign requested address (os error 99)
[INFO] [stdout]   --> src/db/list.rs:15:5
[INFO] [stdout]    |
[INFO] [stdout] 15 | /     sqlx::query!(
[INFO] [stdout] 16 | |             "INSERT INTO todo_lists
[INFO] [stdout] 17 | |             VALUES ($1, $2, $3)",
[INFO] [stdout] 18 | |             id,
[INFO] [stdout] 19 | |             user_id,
[INFO] [stdout] 20 | |             todo_list.name
[INFO] [stdout] 21 | |         ).execute(db_pool)
[INFO] [stdout]    | |_________^
[INFO] [stdout]    |
[INFO] [stdout]    = note: this error originates in the macro `$crate::sqlx_macros::expand_query` which comes from the expansion of the macro `sqlx::query` (in Nightly builds, run with -Z macro-backtrace for more info)
[INFO] [stdout] 
[INFO] [stdout] 
[INFO] [stdout] error: error communicating with database: Cannot assign requested address (os error 99)
[INFO] [stdout]   --> src/db/list.rs:29:18
[INFO] [stdout]    |
[INFO] [stdout] 29 |       let result = sqlx::query!(
[INFO] [stdout]    |  __________________^
[INFO] [stdout] 30 | |             "SELECT id
[INFO] [stdout] 31 | |             FROM todo_lists
[INFO] [stdout] 32 | |             WHERE user_id = $1
[INFO] [stdout] 33 | |             LIMIT 1",
[INFO] [stdout] 34 | |             user_id
[INFO] [stdout] 35 | |         )
[INFO] [stdout]    | |_________^
[INFO] [stdout]    |
[INFO] [stdout]    = note: this error originates in the macro `$crate::sqlx_macros::expand_query` which comes from the expansion of the macro `sqlx::query` (in Nightly builds, run with -Z macro-backtrace for more info)
[INFO] [stdout] 
[INFO] [stdout] 
[INFO] [stdout] error: error communicating with database: Cannot assign requested address (os error 99)
[INFO] [stdout]   --> src/db/list.rs:44:5
[INFO] [stdout]    |
[INFO] [stdout] 44 | /     sqlx::query!(
[INFO] [stdout] 45 | |             "DELETE FROM todo_lists
[INFO] [stdout] 46 | |             WHERE user_id = $1",
[INFO] [stdout] 47 | |             user_id
[INFO] [stdout] 48 | |         )
[INFO] [stdout]    | |_________^
[INFO] [stdout]    |
[INFO] [stdout]    = note: this error originates in the macro `$crate::sqlx_macros::expand_query` which comes from the expansion of the macro `sqlx::query` (in Nightly builds, run with -Z macro-backtrace for more info)
[INFO] [stdout] 
[INFO] [stdout] 
[INFO] [stdout] error: error communicating with database: Cannot assign requested address (os error 99)
[INFO] [stdout]   --> src/db/list.rs:57:5
[INFO] [stdout]    |
[INFO] [stdout] 57 | /     sqlx::query!(
[INFO] [stdout] 58 | |             "UPDATE todo_lists
[INFO] [stdout] 59 | |             SET name = $1
[INFO] [stdout] 60 | |             WHERE id = $2",
[INFO] [stdout] 61 | |             update_list.name,
[INFO] [stdout] 62 | |             todo_list_id
[INFO] [stdout] 63 | |         )
[INFO] [stdout]    | |_________^
[INFO] [stdout]    |
[INFO] [stdout]    = note: this error originates in the macro `$crate::sqlx_macros::expand_query` which comes from the expansion of the macro `sqlx::query` (in Nightly builds, run with -Z macro-backtrace for more info)
[INFO] [stdout] 
[INFO] [stdout] 
[INFO] [stdout] error: error communicating with database: Cannot assign requested address (os error 99)
[INFO] [stdout]   --> src/db/list.rs:15:5
[INFO] [stdout]    |
[INFO] [stdout] 15 | /     sqlx::query!(
[INFO] [stdout] 16 | |             "INSERT INTO todo_lists
[INFO] [stdout] 17 | |             VALUES ($1, $2, $3)",
[INFO] [stdout] 18 | |             id,
[INFO] [stdout] 19 | |             user_id,
[INFO] [stdout] 20 | |             todo_list.name
[INFO] [stdout] 21 | |         ).execute(db_pool)
[INFO] [stdout]    | |_________^
[INFO] [stdout]    |
[INFO] [stdout]    = note: this error originates in the macro `$crate::sqlx_macros::expand_query` which comes from the expansion of the macro `sqlx::query` (in Nightly builds, run with -Z macro-backtrace for more info)
[INFO] [stdout] 
[INFO] [stdout] 
[INFO] [stdout] error: error communicating with database: Cannot assign requested address (os error 99)
[INFO] [stdout]   --> src/db/list.rs:29:18
[INFO] [stdout]    |
[INFO] [stdout] 29 |       let result = sqlx::query!(
[INFO] [stdout]    |  __________________^
[INFO] [stdout] 30 | |             "SELECT id
[INFO] [stdout] 31 | |             FROM todo_lists
[INFO] [stdout] 32 | |             WHERE user_id = $1
[INFO] [stdout] 33 | |             LIMIT 1",
[INFO] [stdout] 34 | |             user_id
[INFO] [stdout] 35 | |         )
[INFO] [stdout]    | |_________^
[INFO] [stdout]    |
[INFO] [stdout]    = note: this error originates in the macro `$crate::sqlx_macros::expand_query` which comes from the expansion of the macro `sqlx::query` (in Nightly builds, run with -Z macro-backtrace for more info)
[INFO] [stdout] 
[INFO] [stdout] 
[INFO] [stdout] error: error communicating with database: Cannot assign requested address (os error 99)
[INFO] [stdout]   --> src/db/list.rs:44:5
[INFO] [stdout]    |
[INFO] [stdout] 44 | /     sqlx::query!(
[INFO] [stdout] 45 | |             "DELETE FROM todo_lists
[INFO] [stdout] 46 | |             WHERE user_id = $1",
[INFO] [stdout] 47 | |             user_id
[INFO] [stdout] 48 | |         )
[INFO] [stdout]    | |_________^
[INFO] [stdout]    |
[INFO] [stdout]    = note: this error originates in the macro `$crate::sqlx_macros::expand_query` which comes from the expansion of the macro `sqlx::query` (in Nightly builds, run with -Z macro-backtrace for more info)
[INFO] [stdout] 
[INFO] [stdout] 
[INFO] [stdout] error: error communicating with database: Cannot assign requested address (os error 99)
[INFO] [stdout]   --> src/db/list.rs:57:5
[INFO] [stdout]    |
[INFO] [stdout] 57 | /     sqlx::query!(
[INFO] [stdout] 58 | |             "UPDATE todo_lists
[INFO] [stdout] 59 | |             SET name = $1
[INFO] [stdout] 60 | |             WHERE id = $2",
[INFO] [stdout] 61 | |             update_list.name,
[INFO] [stdout] 62 | |             todo_list_id
[INFO] [stdout] 63 | |         )
[INFO] [stdout]    | |_________^
[INFO] [stdout]    |
[INFO] [stdout]    = note: this error originates in the macro `$crate::sqlx_macros::expand_query` which comes from the expansion of the macro `sqlx::query` (in Nightly builds, run with -Z macro-backtrace for more info)
[INFO] [stdout] 
[INFO] [stdout] 
[INFO] [stdout] error: error communicating with database: Cannot assign requested address (os error 99)
[INFO] [stdout]   --> src/db/list.rs:72:18
[INFO] [stdout]    |
[INFO] [stdout] 72 |       let result = sqlx::query_as!(
[INFO] [stdout]    |  __________________^
[INFO] [stdout] 73 | |             FullTodoListInfo,
[INFO] [stdout] 74 | |             "SELECT id, user_id, name
[INFO] [stdout] 75 | |             FROM todo_lists
[INFO] [stdout] 76 | |             WHERE user_id = $1",
[INFO] [stdout] 77 | |             user_id
[INFO] [stdout] 78 | |         )
[INFO] [stdout]    | |_________^
[INFO] [stdout]    |
[INFO] [stdout]    = note: this error originates in the macro `$crate::sqlx_macros::expand_query` which comes from the expansion of the macro `sqlx::query_as` (in Nightly builds, run with -Z macro-backtrace for more info)
[INFO] [stdout] 
[INFO] [stdout] 
[INFO] [stdout] error: error communicating with database: Cannot assign requested address (os error 99)
[INFO] [stdout]   --> src/db/list.rs:72:18
[INFO] [stdout]    |
[INFO] [stdout] 72 |       let result = sqlx::query_as!(
[INFO] [stdout]    |  __________________^
[INFO] [stdout] 73 | |             FullTodoListInfo,
[INFO] [stdout] 74 | |             "SELECT id, user_id, name
[INFO] [stdout] 75 | |             FROM todo_lists
[INFO] [stdout] 76 | |             WHERE user_id = $1",
[INFO] [stdout] 77 | |             user_id
[INFO] [stdout] 78 | |         )
[INFO] [stdout]    | |_________^
[INFO] [stdout]    |
[INFO] [stdout]    = note: this error originates in the macro `$crate::sqlx_macros::expand_query` which comes from the expansion of the macro `sqlx::query_as` (in Nightly builds, run with -Z macro-backtrace for more info)
[INFO] [stdout] 
[INFO] [stdout] 
[INFO] [stdout] error: error communicating with database: Cannot assign requested address (os error 99)
[INFO] [stdout]   --> src/db/task.rs:12:18
[INFO] [stdout]    |
[INFO] [stdout] 12 |       let result = sqlx::query!(
[INFO] [stdout]    |  __________________^
[INFO] [stdout] 13 | |             "WITH deleted AS (DELETE FROM tasks
[INFO] [stdout] 14 | |             WHERE todo_list_id = $1 RETURNING *)
[INFO] [stdout] 15 | |
[INFO] [stdout] 16 | |             SELECT count(*) as count FROM deleted",
[INFO] [stdout] 17 | |             todo_list_id
[INFO] [stdout] 18 | |         )
[INFO] [stdout]    | |_________^
[INFO] [stdout]    |
[INFO] [stdout]    = note: this error originates in the macro `$crate::sqlx_macros::expand_query` which comes from the expansion of the macro `sqlx::query` (in Nightly builds, run with -Z macro-backtrace for more info)
[INFO] [stdout] 
[INFO] [stdout] 
[INFO] [stdout] error: error communicating with database: Cannot assign requested address (os error 99)
[INFO] [stdout]   --> src/db/task.rs:12:18
[INFO] [stdout]    |
[INFO] [stdout] 12 |       let result = sqlx::query!(
[INFO] [stdout]    |  __________________^
[INFO] [stdout] 13 | |             "WITH deleted AS (DELETE FROM tasks
[INFO] [stdout] 14 | |             WHERE todo_list_id = $1 RETURNING *)
[INFO] [stdout] 15 | |
[INFO] [stdout] 16 | |             SELECT count(*) as count FROM deleted",
[INFO] [stdout] 17 | |             todo_list_id
[INFO] [stdout] 18 | |         )
[INFO] [stdout]    | |_________^
[INFO] [stdout]    |
[INFO] [stdout]    = note: this error originates in the macro `$crate::sqlx_macros::expand_query` which comes from the expansion of the macro `sqlx::query` (in Nightly builds, run with -Z macro-backtrace for more info)
[INFO] [stdout] 
[INFO] [stdout] 
[INFO] [stdout] error: error communicating with database: Cannot assign requested address (os error 99)
[INFO] [stdout]   --> src/db/task.rs:27:18
[INFO] [stdout]    |
[INFO] [stdout] 27 |       let result = sqlx::query!(
[INFO] [stdout]    |  __________________^
[INFO] [stdout] 28 | |             "SELECT COUNT(*) as count
[INFO] [stdout] 29 | |             FROM tasks
[INFO] [stdout] 30 | |             WHERE todo_list_id = $1",
[INFO] [stdout] 31 | |             todo_list_id
[INFO] [stdout] 32 | |         )
[INFO] [stdout]    | |_________^
[INFO] [stdout]    |
[INFO] [stdout]    = note: this error originates in the macro `$crate::sqlx_macros::expand_query` which comes from the expansion of the macro `sqlx::query` (in Nightly builds, run with -Z macro-backtrace for more info)
[INFO] [stdout] 
[INFO] [stdout] 
[INFO] [stdout] error: error communicating with database: Cannot assign requested address (os error 99)
[INFO] [stdout]   --> src/db/task.rs:46:5
[INFO] [stdout]    |
[INFO] [stdout] 46 | /     sqlx::query!(
[INFO] [stdout] 47 | |             "INSERT INTO tasks
[INFO] [stdout] 48 | |             VALUES ($1, $2, $3, $4)",
[INFO] [stdout] 49 | |             id,
[INFO] [stdout] ...  |
[INFO] [stdout] 52 | |             task_order
[INFO] [stdout] 53 | |         ).execute(db_pool)
[INFO] [stdout]    | |_________^
[INFO] [stdout]    |
[INFO] [stdout]    = note: this error originates in the macro `$crate::sqlx_macros::expand_query` which comes from the expansion of the macro `sqlx::query` (in Nightly builds, run with -Z macro-backtrace for more info)
[INFO] [stdout] 
[INFO] [stdout] 
[INFO] [stdout] error: error communicating with database: Cannot assign requested address (os error 99)
[INFO] [stdout]   --> src/db/task.rs:27:18
[INFO] [stdout]    |
[INFO] [stdout] 27 |       let result = sqlx::query!(
[INFO] [stdout]    |  __________________^
[INFO] [stdout] 28 | |             "SELECT COUNT(*) as count
[INFO] [stdout] 29 | |             FROM tasks
[INFO] [stdout] 30 | |             WHERE todo_list_id = $1",
[INFO] [stdout] 31 | |             todo_list_id
[INFO] [stdout] 32 | |         )
[INFO] [stdout]    | |_________^
[INFO] [stdout]    |
[INFO] [stdout]    = note: this error originates in the macro `$crate::sqlx_macros::expand_query` which comes from the expansion of the macro `sqlx::query` (in Nightly builds, run with -Z macro-backtrace for more info)
[INFO] [stdout] 
[INFO] [stdout] 
[INFO] [stdout] error: error communicating with database: Cannot assign requested address (os error 99)
[INFO] [stdout]   --> src/db/task.rs:46:5
[INFO] [stdout]    |
[INFO] [stdout] 46 | /     sqlx::query!(
[INFO] [stdout] 47 | |             "INSERT INTO tasks
[INFO] [stdout] 48 | |             VALUES ($1, $2, $3, $4)",
[INFO] [stdout] 49 | |             id,
[INFO] [stdout] ...  |
[INFO] [stdout] 52 | |             task_order
[INFO] [stdout] 53 | |         ).execute(db_pool)
[INFO] [stdout]    | |_________^
[INFO] [stdout]    |
[INFO] [stdout]    = note: this error originates in the macro `$crate::sqlx_macros::expand_query` which comes from the expansion of the macro `sqlx::query` (in Nightly builds, run with -Z macro-backtrace for more info)
[INFO] [stdout] 
[INFO] [stdout] 
[INFO] [stdout] error: error communicating with database: Cannot assign requested address (os error 99)
[INFO] [stdout]   --> src/db/task.rs:61:18
[INFO] [stdout]    |
[INFO] [stdout] 61 |       let result = sqlx::query_as!(
[INFO] [stdout]    |  __________________^
[INFO] [stdout] 62 | |             FullTaskInfo,
[INFO] [stdout] 63 | |             "SELECT id, todo_list_id, description, \"order\"
[INFO] [stdout] 64 | |             FROM tasks
[INFO] [stdout] ...  |
[INFO] [stdout] 67 | |             task_id
[INFO] [stdout] 68 | |         )
[INFO] [stdout]    | |_________^
[INFO] [stdout]    |
[INFO] [stdout]    = note: this error originates in the macro `$crate::sqlx_macros::expand_query` which comes from the expansion of the macro `sqlx::query_as` (in Nightly builds, run with -Z macro-backtrace for more info)
[INFO] [stdout] 
[INFO] [stdout] 
[INFO] [stdout] error: error communicating with database: Cannot assign requested address (os error 99)
[INFO] [stdout]   --> src/db/task.rs:61:18
[INFO] [stdout]    |
[INFO] [stdout] 61 |       let result = sqlx::query_as!(
[INFO] [stdout]    |  __________________^
[INFO] [stdout] 62 | |             FullTaskInfo,
[INFO] [stdout] 63 | |             "SELECT id, todo_list_id, description, \"order\"
[INFO] [stdout] 64 | |             FROM tasks
[INFO] [stdout] ...  |
[INFO] [stdout] 67 | |             task_id
[INFO] [stdout] 68 | |         )
[INFO] [stdout]    | |_________^
[INFO] [stdout]    |
[INFO] [stdout]    = note: this error originates in the macro `$crate::sqlx_macros::expand_query` which comes from the expansion of the macro `sqlx::query_as` (in Nightly builds, run with -Z macro-backtrace for more info)
[INFO] [stdout] 
[INFO] [stdout] 
[INFO] [stdout] error: error communicating with database: Cannot assign requested address (os error 99)
[INFO] [stdout]   --> src/db/task.rs:81:5
[INFO] [stdout]    |
[INFO] [stdout] 81 | /     sqlx::query!(
[INFO] [stdout] 82 | |             "INSERT INTO tasks
[INFO] [stdout] 83 | |             VALUES ($1, $2, $3, $4);",
[INFO] [stdout] 84 | |             id,
[INFO] [stdout] ...  |
[INFO] [stdout] 87 | |             order
[INFO] [stdout] 88 | |         ).execute(db_pool)
[INFO] [stdout]    | |_________^
[INFO] [stdout]    |
[INFO] [stdout]    = note: this error originates in the macro `$crate::sqlx_macros::expand_query` which comes from the expansion of the macro `sqlx::query` (in Nightly builds, run with -Z macro-backtrace for more info)
[INFO] [stdout] 
[INFO] [stdout] 
[INFO] [stdout] error: error communicating with database: Cannot assign requested address (os error 99)
[INFO] [stdout]    --> src/db/task.rs:96:18
[INFO] [stdout]     |
[INFO] [stdout] 96  |       let result = sqlx::query_as!(
[INFO] [stdout]     |  __________________^
[INFO] [stdout] 97  | |             FullTaskInfo,
[INFO] [stdout] 98  | |             "SELECT id, todo_list_id, description, \"order\"
[INFO] [stdout] 99  | |             FROM tasks
[INFO] [stdout] 100 | |             WHERE todo_list_id = $1",
[INFO] [stdout] 101 | |             todo_list_id
[INFO] [stdout] 102 | |         )
[INFO] [stdout]     | |_________^
[INFO] [stdout]     |
[INFO] [stdout]     = note: this error originates in the macro `$crate::sqlx_macros::expand_query` which comes from the expansion of the macro `sqlx::query_as` (in Nightly builds, run with -Z macro-backtrace for more info)
[INFO] [stdout] 
[INFO] [stdout] 
[INFO] [stdout] error: error communicating with database: Cannot assign requested address (os error 99)
[INFO] [stdout]    --> src/db/task.rs:111:18
[INFO] [stdout]     |
[INFO] [stdout] 111 |       let result = sqlx::query_as!(
[INFO] [stdout]     |  __________________^
[INFO] [stdout] 112 | |             FullTaskInfo,
[INFO] [stdout] 113 | |             "SELECT id, todo_list_id, description, \"order\"
[INFO] [stdout] 114 | |             FROM tasks
[INFO] [stdout] ...   |
[INFO] [stdout] 120 | |             range.offset as i64
[INFO] [stdout] 121 | |         )
[INFO] [stdout]     | |_________^
[INFO] [stdout]     |
[INFO] [stdout]     = note: this error originates in the macro `$crate::sqlx_macros::expand_query` which comes from the expansion of the macro `sqlx::query_as` (in Nightly builds, run with -Z macro-backtrace for more info)
[INFO] [stdout] 
[INFO] [stdout] 
[INFO] [stdout] error: error communicating with database: Cannot assign requested address (os error 99)
[INFO] [stdout]    --> src/db/task.rs:130:18
[INFO] [stdout]     |
[INFO] [stdout] 130 |       let result = sqlx::query_as!(
[INFO] [stdout]     |  __________________^
[INFO] [stdout] 131 | |             FullTaskInfo,
[INFO] [stdout] 132 | |             "WITH deleted AS (DELETE FROM tasks
[INFO] [stdout] 133 | |             WHERE todo_list_id = $1 AND id = $2 RETURNING *)
[INFO] [stdout] ...   |
[INFO] [stdout] 137 | |             task_id
[INFO] [stdout] 138 | |         )
[INFO] [stdout]     | |_________^
[INFO] [stdout]     |
[INFO] [stdout]     = note: this error originates in the macro `$crate::sqlx_macros::expand_query` which comes from the expansion of the macro `sqlx::query_as` (in Nightly builds, run with -Z macro-backtrace for more info)
[INFO] [stdout] 
[INFO] [stdout] 
[INFO] [stdout] error: error communicating with database: Cannot assign requested address (os error 99)
[INFO] [stdout]    --> src/db/task.rs:151:18
[INFO] [stdout]     |
[INFO] [stdout] 151 |       let result = sqlx::query_as!(
[INFO] [stdout]     |  __________________^
[INFO] [stdout] 152 | |             FullTaskInfo,
[INFO] [stdout] 153 | |             "WITH update AS (UPDATE tasks
[INFO] [stdout] 154 | |             SET description = $1
[INFO] [stdout] ...   |
[INFO] [stdout] 159 | |             task_id
[INFO] [stdout] 160 | |         ).fetch_optional(db_pool)
[INFO] [stdout]     | |_________^
[INFO] [stdout]     |
[INFO] [stdout]     = note: this error originates in the macro `$crate::sqlx_macros::expand_query` which comes from the expansion of the macro `sqlx::query_as` (in Nightly builds, run with -Z macro-backtrace for more info)
[INFO] [stdout] 
[INFO] [stdout] 
[INFO] [stdout] error: error communicating with database: Cannot assign requested address (os error 99)
[INFO] [stdout]   --> src/db/task.rs:81:5
[INFO] [stdout]    |
[INFO] [stdout] 81 | /     sqlx::query!(
[INFO] [stdout] 82 | |             "INSERT INTO tasks
[INFO] [stdout] 83 | |             VALUES ($1, $2, $3, $4);",
[INFO] [stdout] 84 | |             id,
[INFO] [stdout] ...  |
[INFO] [stdout] 87 | |             order
[INFO] [stdout] 88 | |         ).execute(db_pool)
[INFO] [stdout]    | |_________^
[INFO] [stdout]    |
[INFO] [stdout]    = note: this error originates in the macro `$crate::sqlx_macros::expand_query` which comes from the expansion of the macro `sqlx::query` (in Nightly builds, run with -Z macro-backtrace for more info)
[INFO] [stdout] 
[INFO] [stdout] 
[INFO] [stdout] error: error communicating with database: Cannot assign requested address (os error 99)
[INFO] [stdout]    --> src/db/task.rs:185:18
[INFO] [stdout]     |
[INFO] [stdout] 185 |       let result = sqlx::query_as!(
[INFO] [stdout]     |  __________________^
[INFO] [stdout] 186 | |             FullTaskInfo,
[INFO] [stdout] 187 | |             "WITH update AS (UPDATE tasks
[INFO] [stdout] 188 | |             SET \"order\" = $1
[INFO] [stdout] ...   |
[INFO] [stdout] 193 | |             task_id
[INFO] [stdout] 194 | |         ).fetch_one(db_pool)
[INFO] [stdout]     | |_________^
[INFO] [stdout]     |
[INFO] [stdout]     = note: this error originates in the macro `$crate::sqlx_macros::expand_query` which comes from the expansion of the macro `sqlx::query_as` (in Nightly builds, run with -Z macro-backtrace for more info)
[INFO] [stdout] 
[INFO] [stdout] 
[INFO] [stdout] error: error communicating with database: Cannot assign requested address (os error 99)
[INFO] [stdout]    --> src/db/task.rs:202:5
[INFO] [stdout]     |
[INFO] [stdout] 202 | /     sqlx::query!(
[INFO] [stdout] 203 | |             "UPDATE tasks
[INFO] [stdout] 204 | |             SET \"order\" = \"order\" + $1
[INFO] [stdout] 205 | |             WHERE todo_list_id = $2 AND \"order\" >= $3;",
[INFO] [stdout] ...   |
[INFO] [stdout] 208 | |             order
[INFO] [stdout] 209 | |         )
[INFO] [stdout]     | |_________^
[INFO] [stdout]     |
[INFO] [stdout]     = note: this error originates in the macro `$crate::sqlx_macros::expand_query` which comes from the expansion of the macro `sqlx::query` (in Nightly builds, run with -Z macro-backtrace for more info)
[INFO] [stdout] 
[INFO] [stdout] 
[INFO] [stdout] error: error communicating with database: Cannot assign requested address (os error 99)
[INFO] [stdout]    --> src/db/task.rs:218:5
[INFO] [stdout]     |
[INFO] [stdout] 218 | /     sqlx::query!(
[INFO] [stdout] 219 | |             "UPDATE tasks
[INFO] [stdout] 220 | |             SET \"order\" = \"order\" + $1
[INFO] [stdout] 221 | |             WHERE todo_list_id = $2 AND \"order\" >= $3 AND \"order\" <= $4;",
[INFO] [stdout] ...   |
[INFO] [stdout] 225 | |             top
[INFO] [stdout] 226 | |         )
[INFO] [stdout]     | |_________^
[INFO] [stdout]     |
[INFO] [stdout]     = note: this error originates in the macro `$crate::sqlx_macros::expand_query` which comes from the expansion of the macro `sqlx::query` (in Nightly builds, run with -Z macro-backtrace for more info)
[INFO] [stdout] 
[INFO] [stdout] 
[INFO] [stdout] error: error communicating with database: Cannot assign requested address (os error 99)
[INFO] [stdout]    --> src/db/task.rs:96:18
[INFO] [stdout]     |
[INFO] [stdout] 96  |       let result = sqlx::query_as!(
[INFO] [stdout]     |  __________________^
[INFO] [stdout] 97  | |             FullTaskInfo,
[INFO] [stdout] 98  | |             "SELECT id, todo_list_id, description, \"order\"
[INFO] [stdout] 99  | |             FROM tasks
[INFO] [stdout] 100 | |             WHERE todo_list_id = $1",
[INFO] [stdout] 101 | |             todo_list_id
[INFO] [stdout] 102 | |         )
[INFO] [stdout]     | |_________^
[INFO] [stdout]     |
[INFO] [stdout]     = note: this error originates in the macro `$crate::sqlx_macros::expand_query` which comes from the expansion of the macro `sqlx::query_as` (in Nightly builds, run with -Z macro-backtrace for more info)
[INFO] [stdout] 
[INFO] [stdout] 
[INFO] [stdout] error: error communicating with database: Cannot assign requested address (os error 99)
[INFO] [stdout]    --> src/db/task.rs:111:18
[INFO] [stdout]     |
[INFO] [stdout] 111 |       let result = sqlx::query_as!(
[INFO] [stdout]     |  __________________^
[INFO] [stdout] 112 | |             FullTaskInfo,
[INFO] [stdout] 113 | |             "SELECT id, todo_list_id, description, \"order\"
[INFO] [stdout] 114 | |             FROM tasks
[INFO] [stdout] ...   |
[INFO] [stdout] 120 | |             range.offset as i64
[INFO] [stdout] 121 | |         )
[INFO] [stdout]     | |_________^
[INFO] [stdout]     |
[INFO] [stdout]     = note: this error originates in the macro `$crate::sqlx_macros::expand_query` which comes from the expansion of the macro `sqlx::query_as` (in Nightly builds, run with -Z macro-backtrace for more info)
[INFO] [stdout] 
[INFO] [stdout] 
[INFO] [stdout] error: error communicating with database: Cannot assign requested address (os error 99)
[INFO] [stdout]    --> src/db/task.rs:130:18
[INFO] [stdout]     |
[INFO] [stdout] 130 |       let result = sqlx::query_as!(
[INFO] [stdout]     |  __________________^
[INFO] [stdout] 131 | |             FullTaskInfo,
[INFO] [stdout] 132 | |             "WITH deleted AS (DELETE FROM tasks
[INFO] [stdout] 133 | |             WHERE todo_list_id = $1 AND id = $2 RETURNING *)
[INFO] [stdout] ...   |
[INFO] [stdout] 137 | |             task_id
[INFO] [stdout] 138 | |         )
[INFO] [stdout]     | |_________^
[INFO] [stdout]     |
[INFO] [stdout]     = note: this error originates in the macro `$crate::sqlx_macros::expand_query` which comes from the expansion of the macro `sqlx::query_as` (in Nightly builds, run with -Z macro-backtrace for more info)
[INFO] [stdout] 
[INFO] [stdout] 
[INFO] [stdout] error: error communicating with database: Cannot assign requested address (os error 99)
[INFO] [stdout]    --> src/db/task.rs:151:18
[INFO] [stdout]     |
[INFO] [stdout] 151 |       let result = sqlx::query_as!(
[INFO] [stdout]     |  __________________^
[INFO] [stdout] 152 | |             FullTaskInfo,
[INFO] [stdout] 153 | |             "WITH update AS (UPDATE tasks
[INFO] [stdout] 154 | |             SET description = $1
[INFO] [stdout] ...   |
[INFO] [stdout] 159 | |             task_id
[INFO] [stdout] 160 | |         ).fetch_optional(db_pool)
[INFO] [stdout]     | |_________^
[INFO] [stdout]     |
[INFO] [stdout]     = note: this error originates in the macro `$crate::sqlx_macros::expand_query` which comes from the expansion of the macro `sqlx::query_as` (in Nightly builds, run with -Z macro-backtrace for more info)
[INFO] [stdout] 
[INFO] [stdout] 
[INFO] [stdout] error: error communicating with database: Cannot assign requested address (os error 99)
[INFO] [stdout]    --> src/db/task.rs:185:18
[INFO] [stdout]     |
[INFO] [stdout] 185 |       let result = sqlx::query_as!(
[INFO] [stdout]     |  __________________^
[INFO] [stdout] 186 | |             FullTaskInfo,
[INFO] [stdout] 187 | |             "WITH update AS (UPDATE tasks
[INFO] [stdout] 188 | |             SET \"order\" = $1
[INFO] [stdout] ...   |
[INFO] [stdout] 193 | |             task_id
[INFO] [stdout] 194 | |         ).fetch_one(db_pool)
[INFO] [stdout]     | |_________^
[INFO] [stdout]     |
[INFO] [stdout]     = note: this error originates in the macro `$crate::sqlx_macros::expand_query` which comes from the expansion of the macro `sqlx::query_as` (in Nightly builds, run with -Z macro-backtrace for more info)
[INFO] [stdout] 
[INFO] [stdout] 
[INFO] [stdout] error: error communicating with database: Cannot assign requested address (os error 99)
[INFO] [stdout]    --> src/db/task.rs:202:5
[INFO] [stdout]     |
[INFO] [stdout] 202 | /     sqlx::query!(
[INFO] [stdout] 203 | |             "UPDATE tasks
[INFO] [stdout] 204 | |             SET \"order\" = \"order\" + $1
[INFO] [stdout] 205 | |             WHERE todo_list_id = $2 AND \"order\" >= $3;",
[INFO] [stdout] ...   |
[INFO] [stdout] 208 | |             order
[INFO] [stdout] 209 | |         )
[INFO] [stdout]     | |_________^
[INFO] [stdout]     |
[INFO] [stdout]     = note: this error originates in the macro `$crate::sqlx_macros::expand_query` which comes from the expansion of the macro `sqlx::query` (in Nightly builds, run with -Z macro-backtrace for more info)
[INFO] [stdout] 
[INFO] [stdout] 
[INFO] [stdout] error: error communicating with database: Cannot assign requested address (os error 99)
[INFO] [stdout]    --> src/db/task.rs:218:5
[INFO] [stdout]     |
[INFO] [stdout] 218 | /     sqlx::query!(
[INFO] [stdout] 219 | |             "UPDATE tasks
[INFO] [stdout] 220 | |             SET \"order\" = \"order\" + $1
[INFO] [stdout] 221 | |             WHERE todo_list_id = $2 AND \"order\" >= $3 AND \"order\" <= $4;",
[INFO] [stdout] ...   |
[INFO] [stdout] 225 | |             top
[INFO] [stdout] 226 | |         )
[INFO] [stdout]     | |_________^
[INFO] [stdout]     |
[INFO] [stdout]     = note: this error originates in the macro `$crate::sqlx_macros::expand_query` which comes from the expansion of the macro `sqlx::query` (in Nightly builds, run with -Z macro-backtrace for more info)
[INFO] [stdout] 
[INFO] [stdout] 
[INFO] [stdout] error: aborting due to 20 previous errors
[INFO] [stdout] 
[INFO] [stdout] 
[INFO] [stdout] error: aborting due to 20 previous errors
[INFO] [stdout] 
[INFO] [stdout] 
[INFO] [stderr] error: could not compile `todo-list-rs` (bin "todo-list-rs") due to 21 previous errors
[INFO] [stderr] warning: build failed, waiting for other jobs to finish...
[INFO] [stderr] error: could not compile `todo-list-rs` (bin "todo-list-rs" test) due to 21 previous errors
[INFO] running `Command { std: "docker" "inspect" "04d271403d0118726dcc80386939db9a33b35f2de9aa4312e3cfe6ece5da745e", kill_on_drop: false }`
[INFO] running `Command { std: "docker" "rm" "-f" "04d271403d0118726dcc80386939db9a33b35f2de9aa4312e3cfe6ece5da745e", kill_on_drop: false }`
[INFO] [stdout] 04d271403d0118726dcc80386939db9a33b35f2de9aa4312e3cfe6ece5da745e
